 + 1386, n = 3*g + 2*s. Calculate the remainder when g is divided by 87.
86
Let k = -34 + 48. Suppose 0 = -3*s - 5*t + 49, -18 = -2*s - 4*t + 14. What is the remainder when k is divided by 36/(-162) + 94/s?
4
Let q = 962 - 885. Calculate the remainder when 2393 is divided by q.
6
Let p = 255 + -222. Suppose -3*i = 2*f - 35, 5*i = 10*i - 3*f - p. What is the remainder when 66 is divided by i?
3
Let m(u) = 709*u - 10. Let j be m(1). Let n = -629 + j. Calculate the remainder when n is divided by 6.
4
Suppose -405*t + 912*t = -374*t + 58146. Calculate the remainder when -1*34*46/(-4) is divided by t.
61
Suppose 1079 = -22*x + 23*x + 4*a, -2*x + 2134 = 2*a. What is the remainder when x is divided by 88?
7
Let k(m) = -6*m**2 + 3*m + 4. Let y be k(-5). Let g = y - -169. Calculate the remainder when g is divided by 5.
3
Suppose 3951 = -41*s + 29207. What is the remainder when s is divided by 591?
25
Let h = 12842 + -12804. What is the remainder when 566 is divided by h?
34
Suppose -2*w = 113 - 131. What is the remainder when 297 is divided by -86*(-4)/(-1 + w)?
39
Let b(n) = -67*n - 1291. Calculate the remainder when 212 is divided by b(-20).
16
Let w(k) = 26*k**2 + 8*k - 8. Calculate the remainder when 3894 is divided by w(1).
20
Suppose 5*a = n - 2, -2*n - 3*n - 18 = 3*a. Suppose 0*x + x - u + 1 = 0, -3*x = 2*u - 12. Calculate the remainder when (4 - x)*(5 - n) is divided by 6.
4
Let n = 27114 + -26891. Calculate the remainder when n is divided by 81.
61
Let c = -2160 - -2184. Calculate the remainder when 239 is divided by c.
23
Suppose -333*i + 177*i = -181*i + 757825. Calculate the remainder when i is divided by 141.
139
Suppose 5*r - 2050 = 7748 + 2797. What is the remainder when r is divided by 20?
19
Let j(d) = -22*d - 1768. What is the remainder when 717 is divided by j(-84)?
77
Let z = 73 - 70. Suppose -2*j - 2*j - 4*g = -16, 5*g = 4*j - 16. What is the remainder when (5/((-45)/(-102)))/(j/6) is divided by z?
2
What is the remainder when 32333/63 + (-32)/144 is divided by 86?
83
Calculate the remainder when (-12 - -7)*(-5160)/100 is divided by 28.
6
Suppose -32*i - 7210 = -67*i. Let g = 13 + 6. Calculate the remainder when i is divided by g.
16
Let x(m) = m**3 + 101*m**2 - 873*m - 56. What is the remainder when 322 is divided by x(-109)?
4
Let t = 1994 + -1989. What is the remainder when 411 is divided by t?
1
Suppose 186 = a + 155. What is the remainder when 5174 is divided by a?
28
Suppose 3*t - 89 = -32. Suppose -4*g + 78 = 2*g. Suppose -g*z = -t*z + 24. What is the remainder when 8 is divided by z?
0
Let o = -35 - -38. Calculate the remainder when 71 is divided by 5 + o - 3 - -14.
14
Let l be 2/7*(29 + -36). What is the remainder when 212 is divided by (-72 + -14)*((-3)/l)/(-3)?
40
Let x be (-5 - 45/(-20))/((-2)/(-8)). Let j = 35 + x. What is the remainder when (5/4)/(3/168) is divided by j?
22
Suppose -a - 4 = -2*a. What is the remainder when ((-16)/(-6))/((27/(1296/(-56)))/(-7)) is divided by a?
0
Let x(u) = 8*u - 7. Let f = -174 + 182. Calculate the remainder when 217 is divided by x(f).
46
Suppose -5 = -3*c + 4*x, 2*c + 0*c = 3*x + 5. Let j be c/(-15)*5/(5/1194). What is the remainder when j*(3 + (-5)/2) is divided by 20?
19
Let j be (-21)/(-14)*8/6. Suppose u + j*u - 690 = 0. Let b(x) = -283*x + 7387. Calculate the remainder when u is divided by b(26).
27
Let y(m) be the first derivative of -m**4/4 + 3*m**3 - 15*m**2/2 - 191. Calculate the remainder when (106/4)/(2/4) is divided by y(6).
17
Let f(n) = 7*n - 37. Let v(r) = r**2 - 8*r - 38. Let q be v(12). Suppose -q = -i - 2. Calculate the remainder when 75 is divided by f(i).
18
Let q(n) = 68*n + 38. Let b be q(5). Suppose 7*k = 504 - b. Calculate the remainder when k is divided by 5.
3
Suppose 36 = x - 9. Suppose 10*h = h + x. Calculate the remainder when (-64)/16*(1 - h/2) is divided by 3.
0
Let p be 920/14 - ((-44)/7 + 6). Let k = p - 22. Calculate the remainder when k is divided by 15.
14
Let d be ((-137)/(-2) + 1)*2. Let a = d - 123. Calculate the remainder when 77 is divided by a.
13
Suppose 0 = 47*v - 41462 - 27816. Calculate the remainder when v is divided by 123.
121
Suppose 40*l - 32*l - 56 = 0. Suppose 0*p + 336 = l*p. Calculate the remainder when p is divided by 19.
10
Let w = 185 + -55. Calculate the remainder when w is divided by (7/2 + 2*65/(-26))*-46.
61
What is the remainder when 249 is divided by (-4)/3*33027/(-436)?
47
Let s = 1360 + -1346. Suppose 3*l + l = 16, -2*l = 3*n - 47. Calculate the remainder when s is divided by n.
1
Let j = -294 + 127. Let c = 390 + j. What is the remainder when c is divided by 14?
13
Suppose 0 = -f + 3 - 1. Suppose 5*y - f*y + 5*v - 31 = 0, 5*v = 5*y - 65. Let s(r) = -8*r + 4. What is the remainder when s(-2) is divided by y?
8
Let x = -400 - -404. Suppose -2*k = -x*k - n + 45, 5*k = -n + 117. What is the remainder when 28 is divided by k?
4
Suppose 29*h - 31*h + 5*s = -50, h - 5*s - 30 = 0. Let g(d) = 11*d. What is the remainder when g(7) is divided by h?
17
Suppose 0 = -17*w + 18 + 50. Suppose 0*t + k = w*t - 352, -271 = -3*t - k. Calculate the remainder when t is divided by 18.
17
Let c be 5*(7 + (-64)/10). Suppose -51 = -3*a - c*o, -a + 3*o - 6*o = -27. Let g = -25 - -47. Calculate the remainder when g is divided by a.
10
Let d(o) = -3*o + o + 5*o + 2. Let p be d(17). Suppose -48*v = -p*v + 130. What is the remainder when 48 is divided by v?
22
What is the remainder when (1 + (-365)/35)*504/(-6) is divided by 197?
4
Let n(i) = i**3 - 39*i**2 + 126*i - 507. Calculate the remainder when 251 is divided by n(36).
110
Suppose -5*f + 4531 = 6*f - 1332. What is the remainder when f is divided by 220?
93
Suppose 15*k + 3*y - 297 = 11*k, -2*y = -2*k + 152. Let b(i) = i**2 + 11*i + 13. Let p be -22*(-4 - (-36)/8). What is the remainder when k is divided by b(p)?
10
Suppose -37*r + 1566 = -876. Suppose -14*w = -r*w + 5980. Calculate the remainder when 223 is divided by w.
108
Suppose -5*j = -2*s + 222 - 991, -s = -4*j + 617. Calculate the remainder when 769 is divided by j.
149
Let c be (-74 - -73)/((-1)/(1 + 80)). What is the remainder when c + 3 + -11 + 4 is divided by 21?
14
Suppose -2*u = 4*n - 10, 2*n - 11*u = -9*u + 20. What is the remainder when 3*(n - -7 - (-8)/(-12)) is divided by 29?
5
Let y be -8 + 2 + 0 + 267. Let o = 412 - y. What is the remainder when o is divided by 76?
75
Let b(d) be the first derivative of 5*d**3/3 - 11*d**2/2 - 8*d + 39. Calculate the remainder when 81 is divided by b(4).
25
Let z(v) = 7*v**2 - 2*v - 10. Let x be z(-3). Suppose -5*l - 4*o + 806 = 0, -o - x = -l + 95. Calculate the remainder when l is divided by 40.
38
Suppose 3*s = -0 + 99. What is the remainder when 130 + (-624)/(-24) + -71 is divided by s?
19
Suppose -35*h = -235*h + 3800. What is the remainder when 602 is divided by h?
13
Suppose 0 = 5*p + 4*w - 14, 0 = p + 4*w - 9*w + 3. Suppose -p*j + 31 = 19. What is the remainder when 40 is divided by j/3 + (11 - 2/1)?
7
Suppose -32 - 10 = -3*x. Let p(h) = h**2 + 4*h - 17. Let i be p(-13). Suppose -6*v + 2*v = -i. Calculate the remainder when v is divided by x.
11
Suppose 121*z = -75*z - 31*z + 16571. Calculate the remainder when 361 is divided by z.
69
Let m(u) = 38*u**3 - u**2 - u + 2. Let p be m(1). Let i = -27 + p. Calculate the remainder when 30 is divided by i.
8
Let y(s) = -6*s + 2*s + 3 + 2 + 2. Let d be y(0). Suppose -d*c - 5 = -40. What is the remainder when 58 is divided by c?
3
Suppose -5*r + 0*r = 20. Let q = -4894 - -4903. Calculate the remainder when 2 is divided by ((-6)/r)/(q*(-3)/(-36)).
0
Suppose 6*o - 2*o = 60. Suppose 0 = -4151*q + 4200*q - 38906. Calculate the remainder when q is divided by o.
14
Let w(r) = -r**3 + 6*r**2 + 8*r + 3. Let y be w(-3). Suppose 4*i - y = 2*s, -i = 3*s - 16 + 1. Calculate the remainder when 673 is divided by i.
13
Let y(t) = 910*t - 27. Calculate the remainder when y(2) is divided by 13.
12
Suppose -3*j + 9 = -9. Calculate the remainder when ((-1)/4 - 483/12)*6/(-9) is divided by j.
3
Let a = 33839 - 33823. Calculate the remainder when 38 is divided by a.
6
Suppose 3*v - 676 + 571 = -3*x, 3*x - v = 81. What is the remainder when 64 is divided by x?
6
Suppose 4*m - 4*a = a - 7, -4*m + 2 = -2*a. Calculate the remainder when (-37)/(-6) - (-5 + (200/4